68 = -5*n, -4*n + 122 = 17*q - 15*q. What is the highest common factor of q and 99?
11
Let x = -342 + 802. Let n be 2/4 - 5*x/(-8). Calculate the greatest common divisor of 36 and n.
36
Let g(n) = 7*n**3 - 6*n**2 + 5*n - 5. Suppose -3*o = 64 - 70. Let r be g(o). Suppose -q + r - 7 = 0. Calculate the highest common factor of 150 and q.
30
Let w be (1/2)/((33/(-474))/(-11)). Let m = 177 - w. What is the highest common divisor of m and 14?
14
Suppose 38*b - 6724 = 11060. Calculate the highest common divisor of 546 and b.
78
Suppose -j - 4 = -5*j. Let d = 2 - j. Suppose 37*o = 191*o + 13510 - 13818. What is the highest common divisor of o and d?
1
Let g be 216/21*189/18. What is the greatest common factor of g and 2214?
54
Suppose 0*g - 3*g = -126. Suppose 166*i - 255*i + 445 = 0. Suppose -z + 19 = i*y, -z - y - 3 = -g. What is the highest common factor of 11 and z?
11
Let w be (1912/32)/(2 + (-6 - (-6342)/1584)). Calculate the highest common divisor of w and 22.
22
Let p be ((-12090)/9)/((130/(-15))/13). Calculate the greatest common factor of p and 195.
65
Let f be -2 - -2 - (-1 + -151). Suppose 12 - f = -5*i. Let v be ((-93)/(-186))/((-13)/(-104)). What is the greatest common factor of v and i?
4
Let h = -8 + 18. Suppose -3*q = -12*y + 8*y - h, -q + y + 3 = 0. Suppose 8*b - 4*b + q*l = 42, b - 10 = -l. Calculate the greatest common factor of b and 44.
11
Let d be -29 + 515 - (4/(-1))/(-2). What is the highest common divisor of d and 220?
44
Suppose -2*x = x - 127 - 1448. What is the greatest common factor of 63 and x?
21
Let t(o) = -o**2 - 81*o + 4600. Let n be t(-118). What is the greatest common divisor of n and 2600?
26
Suppose -5*b - 3*c = -10026, 4*b + 100*c = 96*c + 8016. Calculate the greatest common divisor of b and 18.
9
Let f be (-66)/(-14) - (-4)/14. Suppose -f*b + 2 = -18. Suppose -b*y = -2*x + 68, 0 = -2*x + 14*y - 9*y + 72. Calculate the greatest common divisor of 65 and x.
13
Let r be (-1)/8 + (12103/(-104))/(-19). Let s be (-28)/84 - (-4160)/r. Calculate the greatest common factor of s and 154.
77
Let b be (-2002)/(-10) - (-24)/(-120). What is the greatest common factor of b and 820?
20
Let j(i) = i + 108. Let n be j(-27). Suppose -8*o + 6*o + 108 = 0. What is the greatest common divisor of n and o?
27
Suppose 6*j = 26915 + 69505. Calculate the highest common factor of j and 10.
10
Suppose -k - 48*v + 722 = -46*v, 4*k + v - 2902 = 0. Calculate the highest common divisor of k and 264.
66
Let v(p) = 52*p**2 - 32*p + 7. Let h be v(6). Calculate the greatest common factor of 49 and h.
7
Suppose -4*u + 7 - 3 = 0. Let k(s) = 2087*s - 6242. Let t be k(3). Calculate the highest common factor of u and t.
1
Suppose 0 = 3*x - 550 - 32. Let h = x + -141. What is the highest common factor of 212 and h?
53
Let r(u) = 73*u - 65. Let x be r(6). Let h = x - 253. Let v = 79 + -31. Calculate the greatest common divisor of v and h.
24
Let a = 5301 - 4176. Calculate the highest common factor of a and 360.
45
Suppose -8*f - 4*r - 388 = -16*f, -3*r + 93 = 2*f. Calculate the greatest common factor of f and 1332.
12
Let x(m) = -10*m**2 - m - 3. Let q be -2 + ((-2)/(-3) - (-20)/6). Let d be x(q). Let w = d + 54. What is the highest common divisor of w and 81?
9
Let k(b) = 3*b**2 + 4*b + 2. Let a = -45 + 43. Let y be k(a). Suppose 4*i - y*i + 8 = 0. What is the highest common factor of i and 2?
2
Let v be 7/(-2)*((-2257)/(-148))/(1/(-16)). Calculate the greatest common factor of 35 and v.
7
Let n(t) = t**2 + 16*t - 188. Let i be n(8). What is the highest common factor of 4996 and i?
4
Suppose 2*b - b = 243. Let u(j) = -5 + 12 + j**3 + 3*j + 22*j**2 - 16*j**2. Let w be u(-4). Calculate the highest common factor of b and w.
27
Let v = 133 + -106. Let t = 137 - v. Suppose -4*z + 2*s + 77 + 5 = 0, 2*s + 38 = 2*z. What is the highest common factor of z and t?
22
Suppose 2*u + 3*i = -9, 4*u - 3*i + 7 + 2 = 0. Let q be (-496)/(-36)*3/(-2)*u. Let l = q - 35. What is the highest common divisor of l and 3?
3
Let o(v) = -36*v**3 - v**2 - 3*v - 2. Let h(k) = k**2 + 16*k + 47. Let x be h(-12). Let m be o(x). Calculate the highest common factor of 84 and m.
12
Suppose -5 = -w, -w + 3218 + 1047 = 5*d. What is the highest common factor of 1917 and d?
213
Suppose 17*f - 5*d - 4117 = 0, -23408*f + 23409*f - 194 = 4*d. Let c = -299 + 709. Calculate the greatest common divisor of f and c.
82
Let p be (4/(-5))/((-2)/10). Suppose 2*y = 4*b + 30, -2*y = p*b - 5*b - 18. What is the greatest common factor of 28 and y?
7
Suppose 3*t + 18 - 33 = 0. Suppose t*i + 4*z - 3 = -13, -i + 5*z = -27. Suppose -8 = 2*s + 2*s, 2*s = -i*g + 6. Calculate the highest common factor of g and 3.
1
Let l(u) = -u**3 - 12*u**2 - 53*u + 10. Let w be l(-7). What is the highest common divisor of w and 612?
68
Suppose -3*v + i = -56, 0 = -v - 3*i - 103 + 135. Calculate the highest common factor of v and 1510.
10
Suppose q = -5*y + 16, 3*q - 16 = -4*y - q. Let h = 14 - y. Let m be 2*10 + 0/h. Calculate the highest common divisor of 10 and m.
10
Let r = -71 + 143. Suppose 9*a - 5*a = r. Let p be (-42)/18*(-26)/4*a. What is the greatest common factor of p and 39?
39
Let l(k) = k**3 - 4*k**2 + 18*k - 37. Let h be l(7). Suppose -16*g + 10988 - h = 0. Calculate the highest common factor of 42 and g.
42
Suppose 13*i - 203*i + 239876 = 73626. Calculate the greatest common factor of 50 and i.
25
Suppose -11 = -2*g - 3*d, g - 6*d + 13 = -4*g. Calculate the highest common factor of 372 and g.
1
Suppose -4*t - 611 = -5*g - 687, t = -g + 28. Let i(j) = j**3 + 4*j**2 - 7*j + 2. Let d be i(-5). What is the highest common divisor of t and d?
12
Let f(x) = -x**3 + 9*x**2 - 7*x - 6. Let n be f(8). Suppose 4*j - 22 = n. Suppose 0 = j*h - 8 + 2. Calculate the greatest common divisor of h and 1.
1
Let n be (-4)/14 + 228/14. Suppose 3*r - n = r. Let o be 32764/122865*(151 + -1). What is the greatest common divisor of o and r?
8
Suppose 51547 = 25*i - 5653. Calculate the highest common divisor of i and 7150.
286
Suppose -3*p + 19 = -t, 3*t = -4*p + 17 + 4. Suppose 3*f - 103 = 2*f + 5*s, -5*s = -2*f + 211. Let b = f + -78. Calculate the highest common divisor of p and b.
6
Let a(p) = -p**3 + 6*p**2 + 1. Let r be a(5). Let l = 761 - 410. Suppose 0 = -6*m + 585 - l. Calculate the highest common factor of m and r.
13
Let y = -936 + 952. Suppose 3*r + r = 1216. What is the highest common divisor of y and r?
16
Suppose 363605 = 17*w - 114619 - 96393. Calculate the greatest common divisor of 19 and w.
19
Let x = 10 - -48. Let o(y) = -y**3 - y**2 + 33*y + 67. Let h be o(-5). What is the highest common divisor of x and h?
2
Let m = 53 - -7. Suppose 2*t + 17 = -13*q + 10*q, -5*t = -5*q + 5. Let h be m + (6 - -1) + t. What is the highest common factor of 21 and h?
21
Let l(h) = 2 + 0*h + 2*h - 3*h - 7*h - 17*h. Suppose 3*x - 1 = k, -9 + 25 = -k - 2*x. Let a be l(k). What is the greatest common divisor of a and 36?
36
Let v = -18333 + 18753. Calculate the greatest common divisor of v and 2415.
105
Let g be (-47 + 116)/((-3)/(0 + -24)). What is the highest common factor of g and 69?
69
Suppose -4*q + 12 = 0, 3*k - 178 - 278 = q. Suppose -27 = -6*i + k. What is the greatest common factor of i and 130?
10
Suppose -8232 + 3552 = -13*a. Calculate the greatest common factor of 2115 and a.
45
Let c(z) = z**3 + 62*z**2 + 16*z - 496. Let h be c(-58). Calculate the highest common divisor of 128 and h.
128
Let m = -34372 - -34392. Suppose -2*n = 4*f - 4250, 0 = 5*f + 4*n - 5290 - 30. Calculate the highest common divisor of m and f.
20
Let a be 24201/108 + 14/(-672)*4. What is the greatest common divisor of 416 and a?
32
Let k(a) = -3*a**2 + 214*a + 36. Let j be k(71). What is the highest common divisor of j and 6527?
107
Let l(z) = z + 10. Let c be (-5)/((-20)/(-16)) + -3. Let p be l(c). Suppose -6*x + 555 = -p*x. What is the greatest common factor of 74 and x?
37
Suppose 0 = -u - o + 15, 2*u + 3*o = 10 + 19. Suppose 0 = u*q - 10*q - 138. Let g be ((-46)/(-2))/(3/9). What is the greatest common divisor of g and q?
23
Suppose 0 = 4*n - 2*n. Suppose 3*p + n*d = -2*d + 600, -200 = -p + 5*d. Calculate the greatest common factor of 60 and p.
20
Let r be (-322)/(-4)*(-3 - -5). Suppose 145*h - 15685 = 3223 - 2233. Calculate the greatest common factor o